30*w - 652. What is the tens digit of m(-5)?
9
Let s = 116 - 59. Suppose 4*l = -20, 2*p + s = l - 20. Let w = -17 - p. What is the units digit of w?
4
Suppose -93*p - h + 30602 = -91*p, p - h = 15307. What is the thousands digit of p?
5
What is the hundreds digit of (-20)/(-180)*117 + 19837?
8
Suppose 116*y - 114*y = 9669 + 905. What is the units digit of y?
7
Suppose 3*g - 2*o - 6096 - 42412 = 0, 4*o = -2*g + 32328. What is the units digit of g?
8
Let z be 35*2*((-26)/(-4) + -5). Suppose z - 18 = -o. Let m = o - -123. What is the units digit of m?
6
Suppose 4*i = -2*z + 150 + 88, -2*i - 3*z + 121 = 0. Suppose 8248 = i*m - 51*m. What is the tens digit of m?
3
Let n be 4/1 - (163 + 0 + -3). Let p = -257 + 12. Let d = n - p. What is the tens digit of d?
8
What is the tens digit of ((-45)/6)/5*(-167090)/231?
8
What is the thousands digit of ((-776)/(-4 - 8 - -2))/(6/2715)?
5
Let c = 11671 + -6700. What is the units digit of c?
1
Suppose 5*y + 15*v - 45 = 12*v, 3*y - 5*v - 27 = 0. Let z(o) = 14*o + 118. What is the tens digit of z(y)?
4
Let g = -4412 + 9247. What is the units digit of g?
5
Suppose -a = 4*m - 16, -16 = a - 14*m + 10*m. Suppose a = 2*s - 2*n - 92, n - 5 = -1. What is the units digit of s?
0
Suppose 0 = 249*n - 244*n - 110. Suppose 9*g = n*g - 4329. What is the tens digit of g?
3
What is the thousands digit of (-6761342)/(-161) + (-1)/4*272/(-782)?
1
Suppose 0 = -14*n + 86767 - 11391. What is the units digit of n?
4
Suppose -2*d + 1471 = -4*q - 12371, -5*d = 5*q - 34725. What is the units digit of d?
7
Suppose -7139209 - 2451725 = -114*n. What is the hundreds digit of n?
1
Let m(o) = 3*o**2 - 11*o - 10. Let q be m(7). Suppose 8*v - 4*v = q. Let b = 54 + v. What is the units digit of b?
9
Let d = 3520 + -3604. Suppose -x - 274 + 106 = 0. Let a = d - x. What is the tens digit of a?
8
Let m(f) = -f**2 + 21*f - 7. Let c be 57/4 + 1 + (-18)/72. What is the units digit of m(c)?
3
Suppose 10*k - 9*k = -a + 5511, -2 = a. What is the hundreds digit of k?
5
Let v(y) = -16*y - 7. Let b be v(8). What is the hundreds digit of -12*(1/3)/(2/b)?
2
Suppose 20*z = 4*z - 22*z + 18430. What is the hundreds digit of z?
4
Let i(y) = y. Let x be i(-4). Let q(h) = -34*h + 40. Let n(l) = 34*l - 45. Let p(r) = 3*n(r) + 4*q(r). What is the tens digit of p(x)?
6
Let r(m) = m**3 - m**2 - 5*m + 2. Suppose 14 = -h + 17. Let o be r(h). Suppose -3*q + 5*f = -q - 74, o*q = -4*f + 251. What is the units digit of q?
7
Suppose -44 = -78*v + 67*v. Suppose 4*r - 5*r + d = -1211, -3*r - v*d = -3598. What is the thousands digit of r?
1
Let i = 38633 - 26230. What is the units digit of i?
3
Let c(o) = o**3 - 69*o**2 + 157*o - 198. What is the thousands digit of c(67)?
1
Suppose 5*q - 6793 = 2*j, -2*j + 18*q = 21*q + 6769. Let p = -2136 - j. What is the tens digit of p?
5
Suppose 2*h = -4*g - 13 + 87, -31 = -g + 2*h. Suppose 0 = -5*t + 4*f + 3974, 24*t + f - 2398 = g*t. What is the hundreds digit of t?
7
Suppose 4*p + 502 = 2*o + 52, -2*p = -4*o + 930. What is the units digit of o?
5
Suppose -2*v + 108622 = 2*g, 217248 = 4*v + 15*g - 12*g. What is the tens digit of v?
1
Let c = 3699 - 2424. Suppose 3*k - c - 879 = -3*h, -k - 3620 = -5*h. What is the hundreds digit of h?
7
Let s be (2/4)/(9/72). Suppose 0 = -s*m - 2*m + 42. What is the units digit of 7*((m - -4) + 0)?
7
Suppose 2*a + 2*m - 4 = 0, 2*m = 4*a - 3*m + 37. Let s be ((-108)/a)/((15/(-14))/5). What is the tens digit of 2 + s/(-3) + 3?
6
Let r(w) = -4*w + 5. Let l(h) = 1 + 0*h + 8 - 4*h. Let b be l(4). What is the units digit of r(b)?
3
Suppose -817 = 5*b + 5988. What is the hundreds digit of (18/6 - b) + -3 + 7?
3
Suppose -4*v + r = -114509, -2*v + 534*r + 57272 = 530*r. What is the tens digit of v?
2
Let w be 69*(-89 - 2) + -1. Let g be w/25 + (-1 - 3/(-15)). Let b = 428 + g. What is the units digit of b?
6
Suppose 2*a - 28 = -t - 3*t, -t + 5*a = -7. What is the tens digit of (-138)/4*(-350)/t?
2
Let c(k) = k**2 + 13*k - 2311. What is the tens digit of c(61)?
0
Suppose -146334 = -198*z + 169*z. What is the tens digit of z?
4
Let q(j) = -3485*j + 5456. What is the tens digit of q(-19)?
7
What is the hundreds digit of (113/(-452))/(((-10)/(-313352))/(-5))?
1
Let d(w) = -w**2 - 9*w - 2. Let r be d(8). Let i = 139 + r. What is the units digit of (-9248)/(-32)*((i - 0) + 0)?
9
Let m(p) = p**3 - 80*p**2 + 19*p - 9292. What is the tens digit of m(88)?
3
Let v = -1816 - -1108. What is the hundreds digit of (-2)/(4 - (-2840)/v)?
1
Let k(j) = 87*j + 1027. What is the hundreds digit of k(48)?
2
What is the tens digit of (-21)/1*275604/(-196)?
2
Let r(f) be the first derivative of -f**4/4 - 2*f**3/3 - 7*f**2/2 + 29*f - 42. What is the units digit of r(0)?
9
Let a(d) be the first derivative of 2*d**2 - 3*d + 1. Suppose 23 = 6*y - 1. What is the units digit of a(y)?
3
Let o(h) = 39*h - 61. Let a(y) = y**3 + 14*y**2 - 17*y - 20. Let b be a(-15). Suppose -4*s + 16 = 3*z, 14 + b = 4*s + z. What is the tens digit of o(s)?
1
Let n(u) = 3*u + 70. Let s be n(-11). Suppose -s*l = -42*l + 15. What is the units digit of -1 + -75*(3 + l + -7)?
4
Let g = 522 + -328. Suppose g*s - 5316 = 190*s. What is the hundreds digit of s?
3
Suppose -672*z + 2*o + 169096 = -667*z, -5*z - 5*o = -169110. What is the thousands digit of z?
3
What is the units digit of ((13 - 6) + 23)*3?
0
Suppose 10*h = 13*h - 600. Let s be (-30)/12*8/(-10). Suppose 0*p + s*p = h. What is the tens digit of p?
0
Suppose -779*r + 790*r = 80520. What is the hundreds digit of r?
3
Suppose z - 10 = -4*z, 3*x + 5*z + 839 = 0. Let o = x - -423. What is the tens digit of o?
4
What is the thousands digit of 7*1906*(-11 + 1209/91)?
0
Suppose -77*f = -81*f + 2604. Suppose -j - 4*g + f = 0, 0*g + 3278 = 5*j - 3*g. What is the hundreds digit of j?
6
Let p(c) = -389*c**2 + 540*c**2 - 123*c**2 + 7*c + 5. Let k(x) = -x + 4. Let a be k(6). What is the hundreds digit of p(a)?
1
Let l be (-9858)/(-5) - (0 + (-4)/10). Let o = 2815 - l. What is the tens digit of o?
4
What is the ten thousands digit of -5 + 2 - (-6026314)/98?
6
Suppose -5*f + 5*g = -55, 2 = 3*g - 1. What is the hundreds digit of (239 + 0)/((-100)/(-8) - f)?
4
Suppose 5*a + l = -0*l - 44, 4*l + 16 = 0. Let s(y) = -16*y - 10. What is the units digit of s(a)?
8
Let i(r) = -r**3 + 11*r**2 - 5*r + 17. Let q be (6 - 2) + (-7 - -10). What is the units digit of i(q)?
8
What is the tens digit of -1366*((-576)/120 + (-2)/10)?
3
Let i(q) = 9*q + 77. Let f be i(-13). Suppose 5*b - 42 - 343 = 0. Let j = b + f. What is the tens digit of j?
3
Suppose 2642 + 17554 = 54*n. What is the tens digit of n?
7
Suppose 5*r + 387 = 2*q + 67, 5*r - 5*q + 320 = 0. Suppose 4*t = -658 + 162. Let v = r - t. What is the tens digit of v?
6
What is the units digit of (-30)/(-40)*4688/12?
3
Let l = -68 - -143. Let b = l - 147. Let u = 102 + b. What is the tens digit of u?
3
Let d = -61 - -301. Let f = d - -100. What is the units digit of f?
0
Let s be (-53)/(0 - (-7)/(-98)). Suppose -21*g = -s - 455. What is the units digit of g?
7
Suppose -45*l - 186 = -47*l. Let x = -86 + l. What is the units digit of x?
7
Let x(k) = 2*k**2 + 18*k + 13. Let p be 1 + 6 - (14 - 11). What is the hundreds digit of x(p)?
1
Let h(t) = t**3 + 27*t**2 + 32*t + 100. What is the tens digit of h(-18)?
4
Suppose 3395 + 5914 = d. What is the tens digit of d?
0
Suppose 0 = 4*z - 4*i - 1696, -4*z - 3*i + 1693 = -4*i. Suppose 0 = -z*l + 418*l + 1430. What is the hundreds digit of l?
2
Suppose 104704 = 23*j - 36332. What is the thousands digit of j?
6
Let m(i) = 79*i**2 - 18*i**2 + 22*i**2 - i + 15. Let n be m(3). Suppose 0*d = -3*d + w + 573, n = 4*d - 3*w. What is the hundreds digit of d?
1
Suppose 9*w - 256 = -7*w. Let t = 25 - w. Suppose -t*v + 446 + 1840 = 0. What is the hundreds digit of v?
2
Let z be 10/(1/((-6)/(-1 - 11))). Suppose -z*x + 3743 = -1317. What is the tens digit of x?
1
Let j = -2790 + 4915. What is the units digit of j?
5
Suppose 4*b - 11 = l, -2*l + 4*b - 8 - 10 = 0. Suppose -9*s + 7*s - 2 = 0, -3*x + 38 = -2*s. Let h = x + l. What is the units digit of h?
5
Let c(t) = 6*t**3 - 70*t**2 + 601*t + 10. What is the tens digit of c(10)?
2
Let b(q) = -q**3 + q**2 + 4. Let p be b(0). Let m = -70 - p. Let j = 149 + m. What is the units digit of j?
5
Suppose -3678 + 258 = -4*m.